rue
Suppose -2*w + 0*w + 2*k = -22, -2*k = 2*w - 2. Suppose q + 2*q - w = 0. Suppose 3*o - 1165 = -q*o. Is o a prime number?
True
Let l(p) = 689*p**2 - 339*p**2 + p**3 - 342*p**2 + 4. Let c(k) = k**3 - 4*k**2 + 2. Let s be c(3). Is l(s) a composite number?
False
Suppose 2*j + 3*w + 3 + 1 = 0, 3*j = -3*w - 3. Is 89/((-3 - j)/(-4)) composite?
False
Let s(o) be the third derivative of o**7/1260 - o**6/144 - o**5/24 - o**4/24 - 2*o**2. Let w(n) be the second derivative of s(n). Is w(6) composite?
False
Suppose g + 0 + 14 = -3*y, -5*g - 70 = -2*y. Is (3928/8)/((-2)/g) composite?
True
Let l = -346 + 925. Let k be l/2*16/12. Suppose c + 99 - k = 0. Is c a prime number?
False
Let m = 2071 + -662. Is m prime?
True
Let w be -1 + -173*(-4 + 11). Let c = 1825 + w. Is c a prime number?
True
Let u(b) = 3*b**2 - 3*b + 8. Let o be -4*3/(36/(-21)). Let v be u(o). Let x = v - 21. Is x a prime number?
True
Suppose 9*h = -2*m + 4*h + 4235, 0 = -3*m + 3*h + 6342. Is ((-2)/(-6))/(15/m) composite?
False
Suppose -33*n = -12*n - 125013. Is n a prime number?
True
Suppose 2*a - 2*n - 47886 = 0, a + 5*n - 3*n - 23952 = 0. Suppose 27*h = 21*h + a. Is h a prime number?
False
Let w(k) = -k - 4. Let y be w(-16). Let h be -7 + y/(-3) + 3. Is (-663)/(-12) + 2/h a composite number?
True
Let d be 54/6*2/6. Suppose 4*p + d*u - 1888 = 0, -3*p + p = -u - 934. Is p a composite number?
True
Let s(i) = -15*i + 8. Suppose -3*f - 42 = 4*y, 0 = y - 4*f + 3 + 17. Let b be s(y). Suppose t = -b + 679. Is t composite?
False
Is -4 - 5901/14*-10 a composite number?
False
Is 2634 - -5*((-32)/20 - -1) prime?
False
Suppose -4*l - l + 116 = -3*o, -5*l - 136 = 3*o. Let t = o + 111. Is t composite?
True
Let v be ((-992)/(-93))/(((-1)/(-960))/1). Suppose -10250 = 4*q - 9*q + 3*t, 5*q - 5*t = v. Is q prime?
True
Is 21/(-35) + 1 + 20529/15 prime?
False
Suppose -2*y = -2*u - 750, -5*y + 268 = 4*u + 1777. Let i = 869 + u. Is i a composite number?
True
Is (-18 + 20)*(-31709)/(-2) a composite number?
True
Suppose 0 = 12*g - 11671 - 34493. Is g composite?
False
Let s be 9 + 100/(-12) - (-46)/(-6). Let v = 1158 + -1786. Is 1*s*v/4 a composite number?
True
Is (0 - 28221/(-6))/((-14)/(-28)) a prime number?
False
Let s = -1164 + -2550. Let b = 5423 + s. Is b a prime number?
True
Let i(w) = -10*w - 5*w**2 - 11*w + 15*w + 2*w**2 - 4*w**3. Let b be i(6). Is (-8)/(-44) - b/22 a composite number?
True
Suppose -g = 9*g - 70. Suppose -g*f - 377 = -1000. Is f prime?
True
Suppose 0 = 12*z - 13103 - 565. Is z a prime number?
False
Let d(h) = h**2 + 8*h + 2. Let p be d(-8). Suppose -v = -1, 2*g = -v - p*v + 11. Suppose 4*a - 189 = -3*t, 4*a = 8 + g. Is t a composite number?
False
Is (160/(-64))/(2/(-21044)) a prime number?
False
Let w = 4 - 276. Let b = 1415 + -976. Let x = b + w. Is x a composite number?
False
Let t = -3117 + 14860. Is t prime?
True
Let k(o) = 2*o**3 - 2*o**2 - 17. Is k(12) a prime number?
False
Is 2586/(-8)*(5 + 187/(-3)) prime?
False
Let j = -399 - -720. Suppose -4*a = -a - j. Let l = -24 + a. Is l a prime number?
True
Let n = 22622 + -13891. Is n composite?
False
Let f(j) = 32*j. Let v = 5 - 2. Let b be f(v). Suppose -1 = c - b. Is c composite?
True
Let v be (-2)/4*(-1 + 0 + -5). Suppose -v*r - g = -4970, -3*g + 2819 + 3806 = 4*r. Is r composite?
False
Let n = -184 + 1643. Is n a composite number?
False
Let h(b) = 13*b - 6. Let v = 17 + -10. Let r be h(v). Let w = -54 + r. Is w a prime number?
True
Suppose -17 = z + 5*t, -z - 25 = -4*z + 4*t. Let h be (-2)/(-2) + 1*3. Suppose 0*f = 3*q - f - 145, -z*f + 202 = h*q. Is q composite?
True
Suppose 92 = 6*b + 182. Let g = -90 + 725. Is (-3)/1*g/b a prime number?
True
Let o(t) = t**3 - 16*t**2 + 15*t + 19. Let r(x) = -x**3 + 5*x**2 + 2*x + 5. Let h be r(5). Is o(h) a prime number?
True
Let j = 2751 - 592. Is j a prime number?
False
Let w(h) = -h**3 - h**2 + 2*h - 6. Let l be w(-3). Is 1 + (1120/l - 4/6) composite?
True
Is (-7)/(-3) + 38190/45 prime?
False
Let p be (-7)/(14/(-8)) - -3. Suppose 0 = -p*i + 2*i - 4980. Is 1*(i/3)/(-4) prime?
True
Let y(g) = 8*g**2 + 4*g - 6. Let t be y(6). Suppose -3*z + t = -0*z. Suppose -z = 3*v - 633. Is v a composite number?
True
Let t(k) = -104*k - 5. Let c be t(-4). Suppose -3*j - 3*a - 423 = -4*j, j + 3*a - c = 0. Is j a prime number?
False
Let b(h) = 39*h**2 + 6*h - 11. Let y be b(6). Suppose 4*g - 343 = y. Is g a composite number?
False
Let m = -5607 - -8906. Is m a prime number?
True
Let u be 6196/(-2) + 2 + -4. Let v = -1827 - u. Is v a composite number?
True
Suppose 3*a = -3, 3*a + 311 = -5*q - 392. Let b = 433 + q. Is b a composite number?
False
Let q = -996 - -2797. Is q prime?
True
Let a(d) = d**3 + 8*d**2 + 8*d + 10. Let c be a(-7). Suppose -c*u = u - 4, 3*m = 3*u + 3. Suppose -x - o + 210 = 0, 0*o - m*o = 5*x - 1047. Is x composite?
True
Suppose 0 = -8*w + 5*w + 12. Let f be 333 + 4 + (-3 - w). Is 2*(f/4 + -1) composite?
False
Let f = -6 + 8. Suppose -f*d = -3*d + 82. Is d a composite number?
True
Let d be 22 - (14/49 + (-10)/(-14)). Let s = 26 + d. Is s prime?
True
Let b = 10577 + -6084. Is b a composite number?
False
Is (1 + 1)*(-19176)/(-48) a prime number?
False
Let r(y) = -7*y + 18 + 2*y**2 + 5*y**3 + 2 - 13. Is r(5) composite?
False
Suppose 5028 = r + r. Suppose 0 = -5*y, -2*o - y = o - r. Let l = o - 545. Is l a prime number?
True
Let k = 1 + -7. Let p be ((-366)/12)/((-3)/k). Let q = p - -138. Is q a composite number?
True
Let h be 247 - (15/3)/(-5). Let t = h + -91. Is t a prime number?
True
Let d(u) = 28*u + 11. Suppose p - 23 = 5*t + 2, 20 = -4*t - p. Let r(h) = -56*h - 22. Let o(f) = t*d(f) - 3*r(f). Is o(6) a prime number?
True
Suppose -4*d - 2*a + 272142 = 0, d - 3*a - 65508 = 2510. Is d composite?
True
Suppose 0 = -14*l - 1140 + 5858. Is l a prime number?
True
Let v = 11 - 16. Let f(u) = -u - 1. Let d(m) = -2*m**3 - 3*m**2 + 7*m + 6. Let t(r) = d(r) + 5*f(r). Is t(v) prime?
False
Let u = -45 + 63. Suppose 3*l + 5*v = -l + u, 4*l + 2 = 5*v. Is (l + 420)*1/2 prime?
True
Let i = -203 + 13000. Is i a prime number?
False
Let j = 7421 + -17223. Is j/(-10) + -1 + (-9)/45 composite?
True
Let t = -1258 - -3245. Is 38/(-19)*t/(-2) a prime number?
True
Suppose 91*g + 104678 = 98*g. Is g a composite number?
True
Let t = 33401 + -21252. Is t a composite number?
False
Let n(t) = -6*t**2 + 9*t - 16. Let f(w) = 17*w**2 - 28*w + 49. Let l(y) = 3*f(y) + 8*n(y). Let u = 850 + -844. Is l(u) a prime number?
False
Let x(n) = 2*n**3 - 5*n**2 - 23*n - 2. Let c(z) = -3*z**3 + 10*z**2 + 45*z + 5. Let u(a) = -3*c(a) - 5*x(a). Is u(-8) composite?
False
Let q = -3245 - -9268. Is q prime?
False
Suppose -28365 = g - 5*g - d, 5*g - 3*d - 35435 = 0. Suppose g = 17*a - 7*a. Is a a composite number?
False
Let l(a) = -3*a**3 + 2*a**2 + a. Let c(i) = i**2 - 11*i - 13. Let q be c(12). Let d be l(q). Suppose -d*b + 370 = 74. Is b a prime number?
False
Let n(g) = 17*g**2 + 3*g - 3. Let p be n(-5). Let l = 143 + 137. Let m = p - l. Is m prime?
True
Let k be -9*(-1 - 2/(-3)). Suppose r = k - 0. Let x(h) = 8*h + 2. Is x(r) prime?
False
Suppose 4894 = -3*t - 815. Let h = t - -3876. Is h composite?
False
Let d(x) = -1 + 5 - 28*x + 11. Is d(-5) a prime number?
False
Let o = -252 + 139. Let s = 244 + o. Is s a composite number?
False
Let l be 4/(-8)*0/1. Suppose 4*d + 3695 = 5*t, -2*t = -d - l*d - 1478. Is t a composite number?
False
Let b(a) be the second derivative of -4*a**5/5 + a**4/3 - a**3/6 - a**2 - 11*a. Is b(-3) a composite number?
True
Let g(q) = 127*q**2 + 3*q - 7. Is g(-6) a composite number?
False
Suppose -426 + 1362 = 9*d. Let n = -46 + d. Is n a composite number?
True
Let a(b) = -40*b**3 + 12*b**2 + 16*b - 53. Is a(-7) a prime number?
True
Let l = 14 - 9. Suppose c + i - l - 13 = 0, c - 3*i - 26 = 0. Let s = 34 - c. Is s composite?
True
Suppose 6*n = -4*z + 11*n + 10619, -2*n = -z + 2657. Is z composite?
True
Suppose 4*f = -d + 4, -4 = -f + 4*d + 14. Suppose f*o - 4*y - 686 = 0, 2*y + 176 - 1181 = -3*o. Is o a composite number?
False
Suppose 4*q = 8*q - 16880. Suppose -s = -5*s + q. Is s composite?
True
Suppose 13330 = -16*s + 103362. Is s a composite number?
True
Let u(n) = 4*n**2 - 6*n + 9. Let q = 31 - -4. Suppose -5*r = -0*r - q. Is u(r) a composite number?
False
Suppose 3*w + 12 = -f, 0 = -2*f - 4*w - 23 - 3. Let o = -